List the prime factors of o.
3, 5
Suppose -3*g - 2*g = -4*z - 14, -2*g = 4*z. Let l(u) = -2*u. Let r be l(z). Suppose r = 3*j - 13. List the prime factors of j.
5
What are the prime factors of 1239/21 - (0 - -1)?
2, 29
Let d(j) = -2*j - 2*j + 0*j + 6*j - 1. What are the prime factors of d(8)?
3, 5
Let v(i) = 2*i**3 - 4*i**2 - i + 2. What are the prime factors of v(3)?
17
Suppose 4*u + 16 = 0, -9 = 2*m + 5*u + 11. Suppose 3*s - 5*j - 64 = -j, -j + 2 = m. Suppose 3*z - 9 = 5*c + 13, 2*c = 5*z - s. What are the prime factors of z?
2
Let b be (-44)/(-16) + (-1)/(-4). List the prime factors of (2/(-6))/(b/(-333)).
37
List the prime factors of ((-8)/(-24))/((-2)/(-438)).
73
Let y = 18 - 13. Suppose 0 = -2*g + 4*f + 56, 0 = -5*g + y*f + 99 + 31. Suppose g = -2*o + 4*o. List the prime factors of o.
2, 3
Suppose -2*f + 9 = -1, -5*b = f - 30. Suppose -5*v + 5 = -b. What are the prime factors of v + (-7)/(3/(-3))?
3
Let r = 21 + -15. List the prime factors of (-3)/r - 62/(-4).
3, 5
Suppose 0 = 2*b + 2*b - 8. Let k(w) = w + w**3 + 4 - b + 5*w**2 - w + 3*w. List the prime factors of k(-4).
2, 3
Suppose 32 = n + 3*g + 2*g, -3*g = 4*n - 60. Let b = -10 + n. What are the prime factors of b?
2
Let s(j) = -j**2 - 8*j - 4. Let u be s(-5). Suppose -3*g + 20 = -5*t, 4*g + u*t = 6*t + 15. What are the prime factors of g?
5
Suppose 135 = x + 4*x. Let r = -15 + x. What are the prime factors of r?
2, 3
Let d be 9 - 0/1 - -1. Suppose 4*c + 2*h + 16 = 0, 2*c = 7*c - 5*h - d. List the prime factors of 0 + c + 2 - -7.
7
Let u = 6 + 10. List the prime factors of u/(-6)*33/(-4).
2, 11
Let w(t) = -7*t**2 - 2*t**3 - 5 - 7*t + 2*t**3 - 2*t**3. List the prime factors of w(-4).
3, 13
Let c(s) = -s**2 + 7*s + 4. Let v be c(9). Let w = -5 - v. List the prime factors of w.
3
Let u(k) = -3*k**3 - k - 1. What are the prime factors of u(-2)?
5
Suppose 0 = -3*c - 0*c + 159. List the prime factors of (-6)/10 + c/5.
2, 5
Let i(d) = -d**3 - 5*d**2 - d - 3. List the prime factors of i(-6).
3, 13
Let j(b) = 2*b**2 - 6*b**2 + 6*b**2 + 9. List the prime factors of j(-3).
3
Let z = -15 - -7. List the prime factors of (z/10)/(4/(-50)).
2, 5
Let r(b) = b + 1. Let v be r(3). Let n = v + -2. List the prime factors of n/(-4) - 145/(-10).
2, 7
Let f = 9 + 8. Let y = 58 - f. What are the prime factors of y?
41
Let h(x) = x + 12. Suppose -5*t = -4*d, -2*d + 2*t = 6*t. List the prime factors of h(d).
2, 3
Let k(t) = t**3 - 9*t**2 + 5*t. Let v(s) = s**2 - 1. Let c = -5 + 4. Let w(n) = c*k(n) - 3*v(n). What are the prime factors of w(5)?
3
Let b(f) = -17*f + 31*f - 16*f - 2. What are the prime factors of b(-6)?
2, 5
Let f(o) = -10*o - 1. Let i be f(-1). Let c = i + -6. What are the prime factors of c?
3
Suppose 2*m - 2*a - 426 = -7*a, 2*a = 8. What are the prime factors of m?
7, 29
Let b = -34 + 59. Suppose -q + 5*y + 31 = 0, y - 29 = -5*q + 22. Let a = b - q. List the prime factors of a.
2, 7
What are the prime factors of (-9)/12 + (-75)/(-4)?
2, 3
Let u(i) = 9*i**2 - 9*i + 33*i**3 - 10 - 34*i**3 + 3*i**2. Let k = -4 + 15. What are the prime factors of u(k)?
2, 3
Let h = 37 - -5. Suppose -m = m - h. Suppose 1 - m = -4*y. What are the prime factors of y?
5
Let q = 5 + -21. Let m be 4/q + 34/8. Suppose m*y + 3*i = 4*i + 16, 0 = y - 3*i - 15. List the prime factors of y.
3
Suppose 3*p - 3*b = 3, 5*p - 12 - 14 = -2*b. Suppose -p*f = 2*v + 16, -26 = -5*v + 2*v + 4*f. List the prime factors of v.
2
What are the prime factors of (-26)/(-4) - (-1)/(-2)?
2, 3
Let h = 0 + 3. Suppose 110 = 2*s + h*s. List the prime factors of s.
2, 11
Let q(j) = j**3 - 3*j**2 - 3*j - 1. Let g be q(3). What are the prime factors of (5 - 1)*(-5)/g?
2
Let s = -4 + 6. Suppose -9 = 2*x + s*j + 7, 0 = 3*x - 2*j + 14. What are the prime factors of 43/9 - x/27?
5
Let c = 595 + -365. What are the prime factors of c?
2, 5, 23
Suppose -4*s = 30 - 6. Let q(l) = -l + 1. What are the prime factors of q(s)?
7
Let a be ((-35)/10)/((-1)/2). Suppose a*o - 12*o = -205. List the prime factors of o.
41
Let d(x) be the third derivative of x**5/60 + 7*x**4/24 + 3*x**3/2 - x**2. Suppose 0 = 5*r - 4*s + 46, 3*s = 2*r - 0*s + 24. What are the prime factors of d(r)?
3
Suppose -443 - 507 = -5*m. List the prime factors of m.
2, 5, 19
Let u(w) = 1 - 6 + 7*w + 7. List the prime factors of u(1).
3
Let f = -5 + 5. Let k = f + 5. List the prime factors of k.
5
Suppose -5*i - 5 = 0, 37 = 4*s - 3*s - 4*i. List the prime factors of s.
3, 11
Let j = -15 + 33. Let r = 51 - j. What are the prime factors of r?
3, 11
Let f(p) = -p**3 - 4*p**2 + p + 5. Let s be f(-4). Let u be s/4 + (-11)/(-4). Suppose -u*x - 1 + 13 = 0. List the prime factors of x.
2
Suppose 67 = 2*k + 11. What are the prime factors of k?
2, 7
Suppose -4*i + 17 = -39. List the prime factors of i.
2, 7
What are the prime factors of 68 + 3/(-3) - 2*2?
3, 7
Let l(s) = -37*s - 1. List the prime factors of l(-1).
2, 3
Let d be -1 - (3 - -1 - 8). Suppose 4*o = w - 0*w + 119, 4*w - 113 = -d*o. What are the prime factors of o?
31
Suppose 0*o = 3*z + 2*o + 202, -4*o = -5*z - 366. Let x = -43 - z. Suppose -2*h - 7 = -x. What are the prime factors of h?
2, 5
Let d(s) = 11*s**2 - 7*s - 7. What are the prime factors of d(-2)?
3, 17
Let q be 3/(-2) + (-63)/(-2). Let z = -12 + q. What are the prime factors of z?
2, 3
Let t(x) = -x**2 - 5*x + 10. Let u be t(-7). Let y(s) = s - 2. Let l be y(u). Let w = l - -9. What are the prime factors of w?
3
Let n(w) = -w + 4. Suppose -2*u + 5 = -1. Let l be n(u). What are the prime factors of (3/(-4))/(l/(-8))?
2, 3
Let f(n) = 11*n**3 + 2*n**2 + 3*n + 1. Let d be f(-1). Let x(o) = -o**2 - 14*o + 5. List the prime factors of x(d).
2, 19
Let d = -26 + 21. List the prime factors of -11*(d - -1) + 1.
3, 5
Suppose 2*l + l = -3*v + 12, v - 24 = -5*l. What are the prime factors of (v - -3 - -2) + 37?
41
Let c(m) be the second derivative of m**5/20 - 2*m**4/3 + 7*m**3/6 + 4*m**2 + 4*m. What are the prime factors of c(7)?
2
Let x(h) = -h - 2. Suppose o - 2 = 3*o. Let v be x(o). What are the prime factors of v/4 - (-52)/16?
3
Let d(f) = -2*f**3 + f**3 + 7 - 7*f + 1 + 7*f**2. Let p be d(6). Suppose 0 = p*s - 3*s + 8. What are the prime factors of s?
2
Let c(a) = -a**3 - 5*a**2 - 2*a - 4. Let k be c(-5). Suppose 4*m + 11 = p, 2*p = 4*m + 4*p + 14. What are the prime factors of (k*m)/(-2 - 0)?
3
Suppose -m + 80 = 3*t, 4*t = -5*m + 2*m + 115. Suppose t + 50 = 3*d. List the prime factors of d.
5
Suppose 8 - 23 = -5*z. Suppose 8 = z*t - 7. What are the prime factors of t?
5
Suppose 8*h - 4*h = 320. What are the prime factors of h?
2, 5
Let n(z) = z**3 - 13*z**2 + 15*z - 12. List the prime factors of n(12).
2, 3
Suppose -2*a + 3*t + 130 = 0, -8*t - 65 = -a - 4*t. Suppose -2*b - 3*b = -a. List the prime factors of b.
13
Let l = 155 - 50. What are the prime factors of l?
3, 5, 7
Suppose -4*q - o - o + 2 = 0, -q + 2*o = 7. Let x(s) = -s**2 + 8*s - 6. Let i be x(7). What are the prime factors of (i - q*2) + 1?
2
Suppose o + 3*o = 72. Let b = o - -7. List the prime factors of b.
5
Let q(z) = -z**2 - 7*z - 4. Let r be q(-7). Let u = 3 + r. Let c = 11 + u. What are the prime factors of c?
2, 5
Suppose 0 = 3*l - 5 + 2, -4 = -r - 5*l. Let n be 0 + 9 - (0 - r). Suppose 0 = -4*f - 0 + n. List the prime factors of f.
2
Suppose 0 = -2*s + 1 - 5. Let b = -8 - -16. Let h = s + b. What are the prime factors of h?
2, 3
Let n = 34 - 23. Suppose q - n - 3 = 0. What are the prime factors of q?
2, 7
Let q(f) = 6*f + 9. What are the prime factors of q(5)?
3, 13
Let o be (15/(-5))/(-6)*4. Let l = 1 - 1. Suppose 5*d - 11 - 9 = l, 5*y - o*d = 2. List the prime factors of y.
2
Let d(y) = -y**2 - y. Let b(l) = -4*l**2 + l - 5. Let x(h) = h**2 - 1. Let z(n) = -b(n) + 6*x(n). Let r(v) = -2*d(v) + z(v). List the prime factors of r(1).
2, 3
Suppose 0*j - 4*j = 20, -2*c - j + 79 = 0. What are the prime factors of c?
2, 3, 7
Let f(g) = g**3 - 18*g**2 - 14*g + 15. List the prime factors of f(19).
2, 5, 11
Suppose 5*w = -2*v + 767, -7*v + 6*v = 4*w - 385. List the prime factors of v.
3, 127
List the prime factors of 1 - (-5 + 4)*13.
2, 7
Let q = -2 - -5. List the prime factors of q.
3
Suppose -4*d = -5*g - 0*d + 31, 2*d = -5*g + 7. Suppose -5 = -g*o + n + 58, 2*o - 3*n - 35 = 0. List the prime factors of o.
2, 11
Let f(q) = 5*q**